{"id":42,"date":"2019-02-16T15:48:15","date_gmt":"2019-02-16T14:48:15","guid":{"rendered":"http:\/\/docteurhusson.fr\/?page_id=42"},"modified":"2019-02-25T21:33:23","modified_gmt":"2019-02-25T20:33:23","slug":"traitement","status":"publish","type":"page","link":"https:\/\/docteurhusson.fr\/index.php\/traitement\/","title":{"rendered":"Traitement"},"content":{"rendered":"\n<p style=\"text-align:left\"><strong>Dentisterie esth\u00e9tique&nbsp;<\/strong><\/p>\n\n\n\n<div class=\"wp-block-image\"><figure class=\"alignleft is-resized\"><img decoding=\"async\" loading=\"lazy\" src=\"https:\/\/proxy.duckduckgo.com\/iu\/?u=http%3A%2F%2Fwww.centre-medical-stmichel.com%2Fwp-content%2Fuploads%2F2014%2F07%2Fblanchiment-dentaire-copie.jpg&amp;f=1\" alt=\"Blanchiment des dents| Centre Cosem Paris Saint-Michel\" width=\"116\" height=\"76\"\/><\/figure><\/div>\n\n\n\n<p>Conserver ou r\u00e9tablir un sourire harmonieux devient une pr\u00e9occupation permanente dans l\u2019exercice quotidien du praticien. On parle de dentisterie esth\u00e9tique ou cosm\u00e9tique. <a href=\"http:\/\/docteurhusson.fr\/index.php\/dentisterie-esthetique\">Plus de d\u00e9tails&#8230;<\/a><\/p>\n\n\n\n<p><\/p>\n\n\n\n<p><\/p>\n\n\n\n<p><strong>Traitement parodontaux et hygi\u00e8ne <\/strong><\/p>\n\n\n\n<p>Les  maladies parodontales sont des infections bact\u00e9riennes (microbiennes)  qui affectent et d\u00e9truisent les tissus qui entourent et supportent les  dents (le parodonte). Les tissus concern\u00e9s sont la gencive, les fibres  d\u2019attachement (ligament ou desmodonte) et l\u2019os qui supporte les dents. <a href=\"http:\/\/docteurhusson.fr\/index.php\/traitement-parodontaux\/\">Plus de d\u00e9tails&#8230;<\/a><\/p>\n\n\n\n<h3><\/h3>\n\n\n\n<p>I<strong>mplantologie et appareil amovible<\/strong><\/p>\n\n\n\n<div class=\"wp-block-image\"><figure class=\"alignleft is-resized\"><img decoding=\"async\" loading=\"lazy\" src=\"https:\/\/www.dr-christophe-pierret.chirurgiens-dentistes.fr\/wp-content\/uploads\/Implant-Dentaire-Nobel-Biocare-225x300.jpg\" alt=\"Implant dentaire Wasquehal\" width=\"66\" height=\"88\"\/><\/figure><\/div>\n\n\n\n<p><strong> <\/strong>L\u2019implantologie permet de remplacer des  dents, mais ce n\u2019est pas seulement un acte esth\u00e9tique. Cela permet aussi  de redonner un certain bien-\u00eatre aux patients souffrant de la perte  d\u2019une ou plusieurs dents.  Un implant dentaire est comme une petite vis, c\u2019est une racine   artificielle, il est en titane et biocompatible. Il sert \u00e0 remplacer la   racine d\u2019une dent ab\u00eem\u00e9e ou manquante et permet de servir de point   d\u2019ancrage \u00e0 une future proth\u00e8se dentaire ou couronne c\u00e9ramique.   <a href=\"http:\/\/docteurhusson.fr\/index.php\/implantologie\/\">Plus de d\u00e9tails&#8230;<\/a><\/p>\n\n\n\n<p><br><\/p>\n\n\n\n<p><\/p>\n\n\n\n<p><\/p>\n\n\n\n<p><strong>M\u00e9decine esth\u00e9tique : injection d&rsquo; acide hyaluronique<\/strong><\/p>\n\n\n\n<div class=\"wp-block-image\"><figure class=\"alignleft is-resized\"><img decoding=\"async\" loading=\"lazy\" src=\"https:\/\/proxy.duckduckgo.com\/iu\/?u=http%3A%2F%2Fwww.esthetique-versailles.fr%2Fwp-content%2Fuploads%2F2014%2F11%2FAcide-hyaluronique.jpg&amp;f=1\" alt=\"Acide Hyaluronique - Esthetique Versailles\" width=\"96\" height=\"144\"\/><\/figure><\/div>\n\n\n\n<p>L\u2019<strong>acide hyaluronique<\/strong> est  naturellement pr\u00e9sent dans l\u2019organisme. Il hydrate la peau, assure son  \u00e9lasticit\u00e9 et sa fermet\u00e9. Au fil du temps, la quantit\u00e9 d\u2019acide  hyaluronique pr\u00e9sente dans le corps diminue. C\u2019est pourquoi avec l\u2019\u00e2ge,  vos joues et pommettes se creusent et des rides apparaissent.  Le recours \u00e0 l\u2019acide hyaluronique permet d\u2019embellir votre sourire. Il est destin\u00e9 \u00e0 combler les rides et ridules p\u00e9ribuccales. <a href=\"http:\/\/docteurhusson.fr\/index.php\/acide-hyaluronique\/\">Plus de d\u00e9tails&#8230;<\/a><\/p>\n\n\n\n<p><\/p>\n\n\n\n<p><\/p>\n\n\n\n<p><br><\/p>\n\n\n\n<p><br><\/p>\n\n\n\n<p><\/p>\n","protected":false},"excerpt":{"rendered":"<p>Dentisterie esth\u00e9tique&nbsp; Conserver ou r\u00e9tablir un sourire harmonieux devient une pr\u00e9occupation permanente dans l\u2019exercice quotidien du praticien. On parle de dentisterie esth\u00e9tique ou cosm\u00e9tique. Plus de d\u00e9tails&#8230; Traitement parodontaux et hygi\u00e8ne Les maladies parodontales sont des infections bact\u00e9riennes (microbiennes) qui affectent et d\u00e9truisent les tissus qui entourent et supportent les dents (le parodonte). Les tissus [&hellip;]<\/p>\n","protected":false},"author":1,"featured_media":0,"parent":0,"menu_order":0,"comment_status":"closed","ping_status":"closed","template":"","meta":[],"_links":{"self":[{"href":"https:\/\/docteurhusson.fr\/index.php\/wp-json\/wp\/v2\/pages\/42"}],"collection":[{"href":"https:\/\/docteurhusson.fr\/index.php\/wp-json\/wp\/v2\/pages"}],"about":[{"href":"https:\/\/docteurhusson.fr\/index.php\/wp-json\/wp\/v2\/types\/page"}],"author":[{"embeddable":true,"href":"https:\/\/docteurhusson.fr\/index.php\/wp-json\/wp\/v2\/users\/1"}],"replies":[{"embeddable":true,"href":"https:\/\/docteurhusson.fr\/index.php\/wp-json\/wp\/v2\/comments?post=42"}],"version-history":[{"count":32,"href":"https:\/\/docteurhusson.fr\/index.php\/wp-json\/wp\/v2\/pages\/42\/revisions"}],"predecessor-version":[{"id":254,"href":"https:\/\/docteurhusson.fr\/index.php\/wp-json\/wp\/v2\/pages\/42\/revisions\/254"}],"wp:attachment":[{"href":"https:\/\/docteurhusson.fr\/index.php\/wp-json\/wp\/v2\/media?parent=42"}],"curies":[{"name":"wp","href":"https:\/\/api.w.org\/{rel}","templated":true}]}}